culate the remainder when 12228 is divided by 5897.
434
What is the remainder when 27386 is divided by 52?
34
What is the remainder when 67014 is divided by 267?
264
What is the remainder when 8106 is divided by 406?
392
Calculate the remainder when 4992 is divided by 41.
31
What is the remainder when 9364 is divided by 2603?
1555
What is the remainder when 223 is divided by 36?
7
Calculate the remainder when 626 is divided by 549.
77
What is the remainder when 66934 is divided by 132?
10
What is the remainder when 15207 is divided by 1085?
17
What is the remainder when 3512 is divided by 151?
39
Calculate the remainder when 13238 is divided by 41.
36
What is the remainder when 321458 is divided by 418?
16
Calculate the remainder when 20122 is divided by 175.
172
Calculate the remainder when 53495 is divided by 100.
95
Calculate the remainder when 13516 is divided by 508.
308
Calculate the remainder when 3572317 is divided by 20.
17
What is the remainder when 13039 is divided by 37?
15
Calculate the remainder when 44663 is divided by 44614.
49
Calculate the remainder when 2170 is divided by 1034.
102
What is the remainder when 176214 is divided by 812?
10
Calculate the remainder when 3927 is divided by 1911.
105
Calculate the remainder when 170092 is divided by 181.
133
What is the remainder when 391609 is divided by 10041?
10
Calculate the remainder when 5751268 is divided by 945.
943
What is the remainder when 9079 is divided by 1109?
207
Calculate the remainder when 10620 is divided by 532.
512
What is the remainder when 21202 is divided by 110?
82
Calculate the remainder when 35379 is divided by 244.
243
What is the remainder when 4876 is divided by 116?
4
What is the remainder when 752110 is divided by 432?
430
Calculate the remainder when 471 is divided by 442.
29
What is the remainder when 5599 is divided by 429?
22
What is the remainder when 3303 is divided by 833?
804
What is the remainder when 40735 is divided by 70?
65
What is the remainder when 1835976 is divided by 96630?
6
Calculate the remainder when 1598964 is divided by 34760.
4
Calculate the remainder when 212886 is divided by 70955.
21
What is the remainder when 39016 is divided by 3886?
156
Calculate the remainder when 127852 is divided by 455.
452
What is the remainder when 391901 is divided by 186?
185
What is the remainder when 29135 is divided by 2?
1
Calculate the remainder when 2528880 is divided by 97.
90
Calculate the remainder when 127297 is divided by 380.
377
Calculate the remainder when 63364 is divided by 7918.
20
What is the remainder when 822308 is divided by 72?
68
Calculate the remainder when 492959 is divided by 313.
297
Calculate the remainder when 34808 is divided by 166.
114
What is the remainder when 551669 is divided by 12?
5
Calculate the remainder when 801 is divided by 61.
8
What is the remainder when 229030 is divided by 6?
4
What is the remainder when 2574996 is divided by 125?
121
What is the remainder when 4028 is divided by 5?
3
Calculate the remainder when 240407 is divided by 141.
2
Calculate the remainder when 256002 is divided by 37.
36
Calculate the remainder when 134968 is divided by 139.
138
Calculate the remainder when 61375 is divided by 7.
6
Calculate the remainder when 473 is divided by 209.
55
What is the remainder when 11008 is divided by 1100?
8
Calculate the remainder when 2071 is divided by 635.
166
What is the remainder when 80035 is divided by 8?
3
Calculate the remainder when 1872 is divided by 812.
248
Calculate the remainder when 2746 is divided by 146.
118
Calculate the remainder when 488498 is divided by 1954.
1952
Calculate the remainder when 12221 is divided by 3038.
69
What is the remainder when 6954 is divided by 392?
290
Calculate the remainder when 309645 is divided by 6071.
24
What is the remainder when 10766 is divided by 102?
56
Calculate the remainder when 25829 is divided by 4287.
107
Calculate the remainder when 30371 is divided by 125.
121
Calculate the remainder when 159073 is divided by 3787.
19
What is the remainder when 45027 is divided by 253?
246
What is the remainder when 187957 is divided by 123?
13
What is the remainder when 397 is divided by 21?
19
Calculate the remainder when 1937 is divided by 1889.
48
Calculate the remainder when 851595 is divided by 22.
19
Calculate the remainder when 573995 is divided by 93.
92
Calculate the remainder when 3097 is divided by 692.
329
What is the remainder when 21397 is divided by 49?
33
What is the remainder when 3510 is divided by 100?
10
What is the remainder when 3066 is divided by 309?
285
What is the remainder when 170088 is divided by 52?
48
Calculate the remainder when 799 is divided by 37.
22
Calculate the remainder when 8620252 is divided by 354.
352
Calculate the remainder when 3521 is divided by 185.
6
Calculate the remainder when 3546 is divided by 1739.
68
Calculate the remainder when 177659 is divided by 10.
9
Calculate the remainder when 5160 is divided by 5126.
34
Calculate the remainder when 15881 is divided by 704.
393
What is the remainder when 951 is divided by 226?
47
Calculate the remainder when 987 is divided by 122.
11
Calculate the remainder when 19908 is divided by 1001.
889
What is the remainder when 3238603 is divided by 711?
709
Calculate the remainder when 2972 is divided by 687.
224
What is the remainder when 1205 is divided by 394?
23
Calculate the remainder when 70025 is divided by 61.
58
Calculate the remainder when 554825 is divided by 184939.
8
Calculate the remainder when 13580 is divided by 49.
7
Calculate the remainder when 42522 is divided by 315.
312
What is the remainder when 72679 is divided by 230?
229
What is the remainder when 423697 is divided by 879?
19
Calculate the remainder when 4765 is divided by 526.
31
Calculate the remainder when 6600 is divided by 2184.
48
Calculate the remainder when 4588 is divided by 98.
80
Calculate the remainder when 77499 is divided by 1047.
21
Calculate the remainder when 32040 is divided by 16011.
18
Calculate the remainder when 28601 is divided by 9532.
5
What is the remainder when 416 is divided by 415?
1
What is the remainder when 122294 is divided by 32?
22
Calculate the remainder when 1132 is divided by 581.
551
Calculate the remainder when 50394 is divided by 321.
318
What is the remainder when 1451257 is divided by 113?
111
Calculate the remainder when 33596 is divided by 437.
384
Calculate the remainder when 439 is divided by 39.
10
Calculate the remainder when 466210 is divided by 23310.
10
Calculate the remainder when 59766 is divided by 20.
6
What is the remainder when 3682 is divided by 447?
106
Calculate the remainder when 506076 is divided by 78.
12
Calculate the remainder when 45378 is divided by 291.
273
Calculate the remainder when 47020 is divided by 134.
120
What is the remainder when 60312 is divided by 3?
0
Calculate the remainder when 173563 is divided by 47.
39
What is the remainder when 5611 is divided by 1504?
1099
Calculate the remainder when 3079 is divided by 154.
153
Calculate the remainder when 524 is divided by 105.
104
What is the remainder when 10392 is divided by 21?
18
What is the remainder when 86272 is divided by 341?
340
Calculate the remainder when 278104 is divided by 139050.
4
What is the remainder when 142522 is divided by 148?
146
Calculate the remainder when 142713 is divided by 1413.
0
Calculate the remainder when 3454 is divided by 73.
23
What is the remainder when 124350 is divided by 409?
14
Calculate the remainder when 91316 is divided by 45653.
10
Calculate the remainder when 3689141 is divided by 1086.
1085
What is the remainder when 111512 is divided by 7434?
2
Calculate the remainder when 1808 is divided by 67.
66
What is the remainder when 472428 is divided by 157475?
3
What is the remainder when 5542 is divided by 622?
566
Calculate the remainder when 17363 is divided by 23.
21
What is the remainder when 589 is divided by 83?
8
Calculate the remainder when 1790 is divided by 654.
482
What is the remainder when 163816 is divided by 25?
16
Calculate the remainder when 623 is divided by 149.
27
Calculate the remainder when 664 is divided by 43.
19
Calculate the remainder when 152943 is divided by 85.
28
What is the remainder